4/4 + 2*h**3/3 + h**2 + 1. Let c = -14 + 17. Let s(m) = 2*m - 8. Let u be s(c). Calculate t(u).
12
Let g(y) = y**3 + 2*y**2 - 7*y - 6. Suppose 3*p - 15 = 6. Suppose -2*u + 20 = -p*u. Calculate g(u).
-10
Let i(x) = 2*x**3 + 4445 - 4442 - x**3 - 10*x**2 + 10*x. Give i(9).
12
Let t(g) = -40 - g**3 - 14*g - 14*g**2 - 38 + 71. Calculate t(-13).
6
Let r(g) = -2*g - 2. Let b be 5 + (-12)/8*-2. Let y be ((-8)/b)/(2/10). Calculate r(y).
8
Let k = 85 + -79. Let i(z) = z**2 - 8*z + 1. Calculate i(k).
-11
Let i = 1 + 1. Let o(u) = 2*u**3 - 2*u**3 + u**3 + 4*u**i + 3 + 5*u - 2*u. Calculate o(-2).
5
Let z(i) be the second derivative of -i**7/840 - i**6/240 - i**5/60 - 13*i**4/6 - 4*i. Let f(x) be the third derivative of z(x). Calculate f(-2).
-8
Let n(t) = 8*t - 2. Let x(y) = 6*y**2 - y - 3. Let g be x(1). Determine n(g).
14
Let a(t) = -t + 2. Let m(x) = -x + 10. Let b be m(6). Let q be (60/25)/(b/30). Suppose 3*c = 2*s - 23, -2*s - 2*c + 4*c + q = 0. Calculate a(s).
-2
Let w(u) = -7*u + 4. Suppose 100 - 112 = 4*k. Determine w(k).
25
Let g(a) = -a**2 - 3*a + 1. Suppose -2*m + 15 - 11 = 0. Let w be 2*(3 - (m + 0)). Suppose -2 = -w*y + c - 3, -3*c = -y + 12. Determine g(y).
1
Let h = -89 + 83. Suppose -2*o = -29 + 5. Let d be 4/h*126/o. Let p(a) = a**3 + 7*a**2 - 2. Calculate p(d).
-2
Let m(f) = -2*f**2 + 19*f + 111. Let x be m(-4). Let l(s) = -s**3 + 4*s**2 - 2*s + 3. Give l(x).
6
Let g be 10*4/(16/(-6)). Let v(l) = 20*l**3 - l - 2. Let p be v(-1). Let a = p - g. Let w(b) = -b**2 - 4*b + 3. Determine w(a).
-9
Let s(h) be the third derivative of h**4/24 + 2*h**3/3 - 7*h**2 + 20. Give s(0).
4
Let g(b) = -2*b - 8. Suppose -2*y - 120 = -7*y. Let q = 18 - y. Calculate g(q).
4
Let t(y) = -3*y - 15. Suppose -4*o = 2*a + 20, 2*a - 36*o = -41*o - 20. Give t(a).
15
Let n(p) be the third derivative of -p**5/60 - p**4/6 + 5*p**3/6 - 2*p**2. Let z be (0 + 4 + -2)*(5 + -1). Let s be (10/4)/(z/(-16)). Calculate n(s).
0
Let k(c) = -2*c**2 - 61*c - 89. Let p be k(-29). Let a(o) = 2*o**2 + 2*o + 1 - 4*o**2 - 3*o**3 + o**3. Give a(p).
5
Let i(a) be the second derivative of -3*a**5/5 + a**4/6 + a**3/6 + a + 20. What is i(-1)?
13
Let i(b) be the second derivative of -b**3 + 3*b**2 + 2*b - 369. Calculate i(8).
-42
Let p(y) be the first derivative of -y - 37. Let s(b) = -2*b + 7. Let z(v) = -4*p(v) - s(v). Calculate z(6).
9
Let d be ((-51)/(-68))/((-1)/(-4)) + -1. Let r(c) be the second derivative of 0 - 3*c + 1/6*c**3 - 1/2*c**d. Give r(-6).
-7
Suppose -3*y + 41 = -4*k + 17, 0 = -2*y - 5*k - 7. Let u(j) = -j + 8. Give u(y).
4
Suppose -13 = -3*r + a, a = 3 - 1. Let s(x) = -3 - 124*x**2 - 2 - 118*x**2 + 355*x**2 + 10*x - 114*x**2. Calculate s(r).
20
Let l(o) = o - 25. Let n(y) = -4*y + 118. Let p(u) = 11*l(u) + 2*n(u). Calculate p(14).
3
Suppose -k - 2 = l, -6 - 7 = 2*k - l. Let g(v) be the third derivative of -1/12*v**4 + 0*v - 24*v**2 - 1/120*v**6 + 0 - 5/6*v**3 - 1/12*v**5. What is g(k)?
5
Let j(p) = p + 10. Let d = -47 - -32. Let c be j(d). Let k(b) = b + 1. Calculate k(c).
-4
Suppose -2*p - 326*l + 331*l = 14, 4*p - 5*l = -18. Let t(m) be the first derivative of -4*m**3/3 - m**2/2 + 2*m - 3. What is t(p)?
-12
Let f(y) = -3*y - 14. Let j(w) = w + 4. Let l(z) = -f(z) - 4*j(z). Determine l(-7).
5
Suppose -3*o + 33 - 28 = -p, -4*o = 2*p - 20. Let j(v) = -v**3 + 2*v**2 + 3*v - 3. Give j(p).
-23
Let q(a) = 7*a - 1. Let f(r) = -r. Let o(c) = -5*f(c) - q(c). Let s = 108 + -116. Determine o(s).
17
Let t(o) = -o**3 + o**2 - o. Let k = -1263 - -1265. Calculate t(k).
-6
Let q(z) = -6*z**2 - z - 4*z - z**3 + 4*z - 7. Let t be (6/(-4) + 1)/((-103)/(-1236)). Calculate q(t).
-1
Let l(x) = -13*x - 2. Let t(v) = -6*v - 1. Let c(z) = -2*l(z) + 5*t(z). Let p = 1 - -22. Let r = p + -22. What is c(r)?
-5
Let d(m) = m**2 + 3*m + 2. Suppose 29 = 5*w + 44. Let h be d(w). Let s(q) = q**3 - 2*q**2 + 2*q - 1. Calculate s(h).
3
Let h(j) = 4*j + 4. Suppose 41 + 92 = 7*n. Suppose -22*k - 12 = -n*k. Calculate h(k).
-12
Suppose 6*t - 12*t = 0. Let q(p) = -3*p**2 + 8*p**2 + t*p**2 + 3 - 4*p**2 - 4*p. What is q(2)?
-1
Suppose -3*j + 4*f + 10 = -29, -4*j - 4*f + 24 = 0. Let b(h) = j + 7*h**2 + 9*h - 6*h**2 + 2*h**2 - 2*h**2. Give b(-7).
-5
Let g(u) = -5*u + 1. Suppose 5*h = -4*l + 11, 2*l = 2*h - 8 - 0. Suppose h*t - s + 12 = 4*s, 4*t + 8 = 4*s. Calculate g(t).
-4
Let b(s) = s**3 - 5*s**2 - 7*s - 1. Let x(t) = 2*t + 32. Let p be x(-13). What is b(p)?
-7
Suppose -3*w - 4 = -w. Let t be (-2 + 3)/(w/(-6)). Let k(n) = -37*n**2 + 12*n - 9. Let y(o) = -13*o**2 + 4*o - 3. Let i(v) = -6*k(v) + 17*y(v). What is i(t)?
0
Suppose 6*r + 15 = 10*r + 3*u, -5*u - 15 = 0. Let z(x) = -10*x - x**2 + r - 5*x + 10*x. Give z(-7).
-8
Let g(k) = -5*k - 3. Let l(a) = -56*a - 34. Let n(p) = 68*g(p) - 6*l(p). Calculate n(1).
-4
Suppose -14*h = -12*h - 36. Let p = -22 + h. Let g(m) = 2*m. Let n(i) = 3*i. Let j(k) = 5*g(k) - 3*n(k). Calculate j(p).
-4
Let u = 6 + -10. Let p be 1/(u/(7 + -3)). Let a(i) = 3*i - 2. Let t(n) = -4*n + 3. Let c(s) = -8*a(s) - 5*t(s). Calculate c(p).
5
Let j(l) = l**2 + 6*l + 6. Let a(b) = b + 1. Let d(k) = -5*a(k) + j(k). Let p = 3 + -3. Let u be p/(-2 - 0/(-2)). Give d(u).
1
Let m(t) = -t**3 + t**2 + t + 5. Let j be ((-4)/4 + 1)/(-6). Calculate m(j).
5
Let v = 6 - 6. Let t(q) be the third derivative of q**6/120 + q**4/24 + 7*q**3/6 + 8*q**2 - 5. What is t(v)?
7
Let r(y) = -y**3 - 7*y**2 - 7*y + 6. Let q be r(-6). Let v = -10 + q. Let k(c) = -4 + 6 - 2 - 1 + 3*c - c**2. What is k(v)?
1
Let b(g) be the first derivative of -g**2/2 + g - 1. Suppose 2*c + 8 = 2*z, -z = -14*c + 10*c - 19. Determine b(c).
6
Let d(a) = 2*a**2 - a. Let p be d(-1). Let c(w) = 0*w**3 + w**3 - 66 - 5*w**2 - 2*w**p - w + 63. Calculate c(-5).
2
Let o(b) = 3*b**2 + 2*b - 4. Let t(p) = -p**2 - p + 2. Let g(u) = -u**3 - 3*u**2 - u - 1. Let w be g(-3). Let m(j) = w*o(j) + 5*t(j). Give m(-2).
8
Let d(m) = -m**2 - 9*m. Let u = -984 - -978. What is d(u)?
18
Let j = -10912 + 10921. Let u(d) = -d**2 - 10*d - 14. Let l(q) = 6*q**2 + 51*q + 71. Let o(w) = 2*l(w) + 11*u(w). Give o(j).
-3
Let q = -25 + 23. Let h(b) = -3*b**2 - 2*b + 9. Let r(i) = 10*i**2 + 5*i - 28. Let x(c) = q*r(c) - 7*h(c). Determine x(-5).
-2
Let a(n) = n - 1. Suppose -s - 5*c + 13 = 3*s, 0 = 3*s + 3*c - 6. Let w be (-4)/12*s + 3. What is a(w)?
3
Let v be (6 - 6)/((-3)/1). Let l(m) = m**3 - m**2 - m + 1. Calculate l(v).
1
Let h(j) be the third derivative of -j**5/60 - j**4/8 + 2*j**3/3 + j**2. Let a be -16 - (22 + -11 - 24). Calculate h(a).
4
Suppose 4*w = -4*z - w + 23, -4*w = -12. Let g(n) = -3 + 12 + z*n**2 - 8 + 0*n + 2*n. Give g(-2).
5
Let d = -85 - -83. Let t(c) = -c. Determine t(d).
2
Let x = -707 - -709. Let f(d) = -2*d. Determine f(x).
-4
Let t(w) be the second derivative of -w**5/20 - w**4/4 + 2*w**3/3 + w**2/2 + 116*w. Let s(d) = d - 2. Let n be s(-2). Calculate t(n).
1
Let l(a) be the first derivative of a**3/3 - a**2 - 9*a - 394. Give l(-3).
6
Let l(w) be the second derivative of 7/10*w**5 + 0 + 1/6*w**3 + 0*w**2 + 1/12*w**4 + w. Determine l(-1).
-14
Suppose 2*n + 1 = 5. Let t(v) = -2*v**2 - 4 + v + 10*v**n + 5. Let y = 11 - 12. What is t(y)?
8
Let k be 130/(-18) + (-975)/(-135) + -7. Let u(o) = -o**2 - 2*o + 6. What is u(k)?
-29
Let p(z) be the third derivative of z**4/24 + 5*z**3/2 + 3*z**2. Let a = -509 + 496. Determine p(a).
2
Suppose 0 = 11*i + 81 - 290. Let b(v) = -v**2 + 17*v + 10. Give b(i).
-28
Let z(b) = -b**3 + 6*b**2 - 2*b + 4. Suppose -4*o - 2*c = -6, 2*o + c = o. Let t(k) = -2*k - 9. Let p be t(-6). Let m = p + o. Determine z(m).
-8
Let d be (-7)/(-2)*12/7. Suppose -d = -b - 5*u, 2*u - 16 = -2*b - 4. Let k(a) = -a**2 + 6*a + 5. Give k(b).
5
Let z(k) = -k**3 + 6*k**2 + 7*k + 2. Let a be z(7). Let s(y) = y**2 - y**2 - 3*y**2 + y + 4*y**3 + y**a. Let v be (-1 - (-1)/(-2))*(-6)/9. Calculate s(v).
3
Let u = 20 - 19. Let n be (-40)/(-100)*5*u. Let i(p) = -6*p - 1. What is i(n)?
-13
Let p(r) = 3*r**3 - r**2 + r + 1. Let a(l) = 9*l - 100. Let q be a(11). Determine p(q).
-4
Let j(c) = -2*c. Let v(p) = 48*p - 569. Let k be v(12). Calculate j(k).
-14
Let g(l) be the first derivative of -l**5/20 - l**4/6 - l**3/3 + 9*l**2/2 + 10. Let i(t) be the second derivative of g(t). What is i(-2)?
-6
Let t(w) = -w - 1. Suppose -764*s = -762*s - 18. Give t(s).
-10
Let u be 6/(